he remainder when 102 is divided by u.
11
Suppose -43 = -5*b + 7. Suppose -3*c = 3 - 6. Let y(g) = 28*g**2 + 2*g - 1. Calculate the remainder when y(c) is divided by b.
9
Calculate the remainder when 103 is divided by (-224)/(-6) + 7/((-126)/24).
31
Let i(n) = n**2 - 7*n + 3. Let p be i(7). Calculate the remainder when 22 is divided by -1 + 1 - (-9 - p).
10
Let i(s) = -s - 14. Let n(t) = -2*t - 28. Let o(u) = -9*i(u) + 4*n(u). What is the remainder when 23 is divided by o(0)?
9
Let x(w) = 2*w**2 + 13*w + 21. Calculate the remainder when x(-9) is divided by 14.
10
Let q(x) be the first derivative of 15*x**4 + x**2 - x + 6. Calculate the remainder when q(1) is divided by 21.
19
Suppose -141 = -3*d - h + 50, -5*d - 3*h = -321. What is the remainder when 185 is divided by d?
59
Let m = 14 + -2. Suppose 2*w = w. Suppose w*d = 3*d - 66. What is the remainder when d is divided by m?
10
Calculate the remainder when 50 is divided by (-2 - 14/7)*18/(-4).
14
Let h(j) = -19*j - 3. Let i be h(-4). Let x = i + -46. Let o = 41 + -27. What is the remainder when x is divided by o?
13
Let v be -4 + 4*124/8. Let a = v + -31. Let b = 8 - 1. Calculate the remainder when a is divided by b.
6
Suppose -5*v = -2*r - 50, -3*v + 4*r + 21 + 23 = 0. Calculate the remainder when 22 is divided by v.
6
Suppose 0*o - o = -22. What is the remainder when 64 is divided by o?
20
Suppose -i - 5*d + 23 = 0, -4*i + 4*d = 20 - 88. What is the remainder when 50 is divided by i?
14
Suppose 65 = 5*z - 5*h, z = -0*z + 4*h + 1. Calculate the remainder when z is divided by 6/5*((-88)/(-12) + 1).
7
Suppose 6*g - 93 = -33. Let m = -6 + 44. What is the remainder when m is divided by g?
8
Let y(b) = -b**3 + 2*b**2 + 4*b + 4. Calculate the remainder when 71 is divided by y(-3).
34
Suppose -4*p + 3*h + h + 4 = 0, p - 3*h + 1 = 0. Calculate the remainder when 5 is divided by p.
1
Let o(c) = -c**3 - 13*c**2 + c + 17. Calculate the remainder when o(-13) is divided by 2.
0
Let x(j) = j**2 + 4. Suppose -7*m + 14*m = 98. Calculate the remainder when x(-6) is divided by m.
12
Suppose 0*v + u - 10 = -v, -u - 2 = -v. Let b be (3 - 4)*v/(-2). Suppose -y - b = -a, 2*a + 5*y - 27 = -0*y. Calculate the remainder when 22 is divided by a.
4
What is the remainder when 3 + (-110)/4*60/(-50) is divided by 8?
4
Let k = 3 - 0. Suppose -k*l + 12 = -3*j + 2*l, 4*l = -4*j + 16. Calculate the remainder when 3 is divided by j.
0
Let j(b) be the first derivative of 5*b**2/2 - 11*b + 2. What is the remainder when j(9) is divided by 18?
16
Suppose 32 = y + l, -81 = -2*y - y + 2*l. What is the remainder when y is divided by 16?
13
Let c = -216 - -302. What is the remainder when c is divided by 29?
28
Suppose 0 = 2*a + 3*a - 200. Suppose -51 = -5*t + 124. Let o = 49 - t. Calculate the remainder when a is divided by o.
12
Suppose -5*a + 4 = -76. What is the remainder when 62 is divided by a?
14
Suppose 4*w - 7*i = -5*i + 26, -4*w - 3*i = -51. Suppose 36 + 15 = 3*h. Calculate the remainder when h is divided by w.
8
What is the remainder when 16 is divided by (-14)/21 - 58/12*-2?
7
Let z(s) be the third derivative of -13*s**4/24 + s**3/6 + 3*s**2. What is the remainder when z(-1) is divided by 5?
4
Let x be (-6)/4 - (-54)/(-4). Let q = x + 22. Calculate the remainder when 19 is divided by q.
5
Suppose 2*v + 3*r - r = 26, 2*r = 3*v - 19. Calculate the remainder when v is divided by 3.
0
Let w(j) = -j**3 - 18*j**2 + 17*j - 31. Let m = 1 - -1. Calculate the remainder when w(-19) is divided by m.
1
Suppose -2*d + 315 = d. Suppose -4*b + 79 = -d. Suppose 4*a - 66 + 2 = 0. What is the remainder when b is divided by a?
14
Suppose 0 = 4*q - c - 121 + 26, q = -4*c + 45. Suppose 4*b = -b + q. Let k(z) = 10*z - 2. What is the remainder when k(1) is divided by b?
3
Let s = -24 - -43. Let l = -13 + s. Let q(y) = y**3 - 5*y**2 - 5*y + 5. What is the remainder when q(l) is divided by 3?
2
Let c = -15 + 27. Calculate the remainder when 35 is divided by c.
11
Let q = 9 + -9. Let g = 28 + q. What is the remainder when 55 is divided by g?
27
Suppose 4*g - x = 27, -4*g - x = -3*x - 26. Suppose 4*u = -g + 63. What is the remainder when u is divided by 5?
4
Suppose -p + 36 = p. Calculate the remainder when 51 is divided by p.
15
Suppose -16 = -13*s + 9*s. Let p(m) = -11*m - 3. Let q be p(-3). Suppose -q = -s*y + y. Calculate the remainder when 37 is divided by y.
7
Suppose 4*d = -4*d + 760. Calculate the remainder when d is divided by 25.
20
Suppose -3*r - 19 + 160 = 0. Let p(u) = u**3 - 7*u**2 + u + 9. Let v = -8 - -15. Calculate the remainder when r is divided by p(v).
15
Suppose -3*x - 2 = -2*x. Let o = 1 + x. Calculate the remainder when -1 + (o - -38) - 2 is divided by 12.
10
Let q(h) = h**2 - 6*h - 7. Let d be q(7). Suppose -2*g - 7 + 27 = d. Calculate the remainder when 28 is divided by g.
8
Let m = 9 - 10. Let w be 7*6/7*m. What is the remainder when 31 is divided by ((-66)/(-9))/((-4)/w)?
9
Let l = 210 - 123. Calculate the remainder when l is divided by 22.
21
Let o = 210 - 147. What is the remainder when o is divided by 16?
15
Let l(a) = 10*a. Calculate the remainder when l(2) is divided by 8.
4
Let i = 29 + -12. Let t = 233 + -184. What is the remainder when t is divided by i?
15
Let t(b) = b**2 + 2*b + 4. Let x be t(11). Let g = -101 + x. Calculate the remainder when g is divided by 16.
14
Let c(f) = -f + 1. Let n(t) = -12*t + 5. Let o(i) = 5*c(i) - n(i). Let m(d) = 2*d**2 - 2*d - 2. Calculate the remainder when o(4) is divided by m(-2).
8
Let x = 109 - 64. Suppose 103*f + 32 = 105*f. Calculate the remainder when x is divided by f.
13
Let j(c) = c**2 - 12*c - 4. Calculate the remainder when j(14) is divided by 10.
4
Let c be (3 - 5)*(-1 + 2). Suppose -5*d = -2*s + 6, d - 55 = -3*s - 3*d. What is the remainder when 24 is divided by (s/2)/((-1)/c)?
11
Suppose 4*s - 90 = 2*c + 50, 4*c = -5*s + 188. Suppose 4*x = 2*f - 28, -x - 3*x + 4*f - s = 0. Let q = x + 16. What is the remainder when 21 is divided by q?
10
Let r = 14 - 1. Let f(k) be the second derivative of k**4/12 + 2*k**3/3 + 5*k**2/2 - 3*k. What is the remainder when r is divided by f(-4)?
3
Suppose 0 = -5*q + q + 12. What is the remainder when 10 is divided by q?
1
Suppose 0 = -x - x + 18. Let l be 1/(-3) + (-55)/(-3). Let r = l - x. What is the remainder when 25 is divided by r?
7
What is the remainder when 884/22 - 34/187 is divided by 21?
19
Let z be ((-8)/(-16))/(2/68). Suppose -13 = -2*x + z. What is the remainder when x is divided by 6?
3
Suppose 52 = 4*r + 22*r. Calculate the remainder when (-1 - 14/(-8))*4 is divided by r.
1
Let u(z) = z**2 - 7. Let t be u(-5). Suppose t = -k + 3*k. What is the remainder when (5/2)/1*10 is divided by k?
7
Let t be (-10 - 4)/(-2) + -2. Let f(n) = -n**3 + 8*n**2 - 6*n + 1. Calculate the remainder when f(t) is divided by 24.
22
Let b be 142 + 3 + (3 - 3). Suppose b - 15 = 5*z. What is the remainder when z is divided by 6*((-2)/(-4) - -1)?
8
Suppose 0 = 6*w - 4*w - 3*h, 3*w = 5*h - 1. What is the remainder when 11 is divided by w?
2
Suppose 41*b - 46*b = -145. Let j(g) = 6*g - 3. Calculate the remainder when b is divided by j(3).
14
Let t(x) = -x**3 - 6*x**2 + 4*x + 2. Suppose -4*r + 8*r + 40 = 3*z, 3*z - 47 = 5*r. What is the remainder when t(r) is divided by -1 - 2/(2/(-13))?
11
Let n(b) = 5*b + 7*b**2 + 0*b - 3*b + 2 - 3. Calculate the remainder when n(-2) is divided by 8.
7
Let i(g) = g**3 + 5*g**2 + 4*g + 2. Suppose l - 16 + 2 = 0. Let f be 23/(-7) + 4/l. Calculate the remainder when 29 is divided by i(f).
5
Let m(c) = -4*c**2 + c - 4. Let n be m(3). Let v = n + 61. Let j(i) = -i**3 - 4*i**2 + 2*i - 2. Calculate the remainder when v is divided by j(-5).
11
Suppose s = 6*s - 175. Suppose -3*z - 2*z + s = 0. What is the remainder when 276/15 + 4/(-10) is divided by z?
4
Let c = -27 + 27. Suppose c = 3*r - 12 - 192. What is the remainder when r is divided by 14?
12
Let w(h) = h**3 + 4*h**2 + 4*h - 5. Let g be w(-3). Suppose -3*o + 18 = -0*o. Calculate the remainder when ((-15)/2)/(o/g) is divided by 6.
4
Suppose -6*i = 4*i - 230. What is the remainder when i is divided by 9?
5
Let h = 29 + -41. Calculate the remainder when 41 is divided by (56/h)/(2/(-6)).
13
Suppose -o + 4*m = 1, 0 = 3*m - 7 - 8. Suppose 0 = 5*b + 3*c + o, -4*c - 8 = b 